{"id":664,"date":"2020-09-22T17:57:14","date_gmt":"2020-09-22T17:57:14","guid":{"rendered":"http:\/\/www.educatis.cz\/?page_id=664"},"modified":"2022-04-06T15:40:18","modified_gmt":"2022-04-06T15:40:18","slug":"lk","status":"publish","type":"page","link":"https:\/\/www.educatis.cz\/?page_id=664","title":{"rendered":"LK Letokv\u00edtek"},"content":{"rendered":"\n<p class=\"has-drop-cap\">Lesn\u00ed klub Letokv\u00edtek.<\/p>\n\n\n\n<p class=\"has-drop-cap\">Vytv\u00e1\u0159en\u00ed prostoru pro sd\u00edlen\u00ed a setk\u00e1v\u00e1n\u00ed, napl\u0148ov\u00e1n\u00ed pedagogick\u00e9 koncepce \u010cesk\u00e9 republiky.<br>Podpora vzd\u011bl\u00e1v\u00e1n\u00ed a vzd\u011blanosti, r\u016fzn\u00fdch inovativn\u00edch sm\u011br\u016f ve vzd\u011bl\u00e1v\u00e1n\u00ed, podpora svobodn\u00e9ho vzd\u011bl\u00e1v\u00e1n\u00ed a v\u0161ech \u010dinnost\u00ed se vzd\u011bl\u00e1v\u00e1n\u00edm souvisej\u00edc\u00edch, rozvoj talentu a jedine\u010dnosti ka\u017ed\u00e9ho \u010dlov\u011bka.<\/p>\n","protected":false},"excerpt":{"rendered":"<p>Lesn\u00ed klub Letokv\u00edtek zaji\u0161\u0165uje v\u0161estrannou p\u00e9\u010di o d\u011bti p\u0159ed\u0161koln\u00edho v\u011bku ve spolupr\u00e1ci s rodinou. Klade d\u016fraz na ochranu \u017eivotn\u00edho prost\u0159ed\u00ed a podporu zdrav\u00e9ho \u017eivotn\u00edho stylu.<br \/>\n\u00da\u010dast\u00ed d\u00edt\u011bte v LK neztr\u00e1c\u00ed z\u00e1konn\u00fd z\u00e1stupce n\u00e1rok na rodi\u010dovsk\u00fd p\u0159\u00edsp\u011bvek.<\/p>\n","protected":false},"author":1,"featured_media":0,"parent":0,"menu_order":0,"comment_status":"closed","ping_status":"closed","template":"","meta":{"footnotes":""},"class_list":["post-664","page","type-page","status-publish","hentry"],"_links":{"self":[{"href":"https:\/\/www.educatis.cz\/index.php?rest_route=\/wp\/v2\/pages\/664","targetHints":{"allow":["GET"]}}],"collection":[{"href":"https:\/\/www.educatis.cz\/index.php?rest_route=\/wp\/v2\/pages"}],"about":[{"href":"https:\/\/www.educatis.cz\/index.php?rest_route=\/wp\/v2\/types\/page"}],"author":[{"embeddable":true,"href":"https:\/\/www.educatis.cz\/index.php?rest_route=\/wp\/v2\/users\/1"}],"replies":[{"embeddable":true,"href":"https:\/\/www.educatis.cz\/index.php?rest_route=%2Fwp%2Fv2%2Fcomments&post=664"}],"version-history":[{"count":8,"href":"https:\/\/www.educatis.cz\/index.php?rest_route=\/wp\/v2\/pages\/664\/revisions"}],"predecessor-version":[{"id":1605,"href":"https:\/\/www.educatis.cz\/index.php?rest_route=\/wp\/v2\/pages\/664\/revisions\/1605"}],"wp:attachment":[{"href":"https:\/\/www.educatis.cz\/index.php?rest_route=%2Fwp%2Fv2%2Fmedia&parent=664"}],"curies":[{"name":"wp","href":"https:\/\/api.w.org\/{rel}","templated":true}]}}